	{"id":478,"date":"2024-06-18T21:45:48","date_gmt":"2024-06-18T19:45:48","guid":{"rendered":"https:\/\/reiki.sereconnecteralavie.com\/?post_type=mec-events&#038;p=478"},"modified":"2024-09-04T18:28:11","modified_gmt":"2024-09-04T16:28:11","slug":"formation-reiki-niveau-1-du-29-30-janvier-2025","status":"publish","type":"mec-events","link":"https:\/\/reiki.sereconnecteralavie.com\/index.php\/events\/formation-reiki-niveau-1-du-29-30-janvier-2025\/","title":{"rendered":"Formation Reiki Niveau 1"},"content":{"rendered":"<p><img decoding=\"async\" class=\"size-full wp-image-169 aligncenter img_calendrier\" src=\"https:\/\/reiki.sereconnecteralavie.com\/wp-content\/uploads\/2023\/02\/Reiki1.jpg\" alt=\"\" width=\"300\" height=\"150\" border=\"1px solid black\" \/><\/p>\n<p><em>L\u2019enseignement du\u00a0 Premier Degr\u00e9 se d\u00e9roule sur 2 journ\u00e9es.<\/em><\/p>\n<p><strong>Les th\u00e8mes suivants sont abord\u00e9s\u00a0:<\/strong><\/p>\n<ul>\n<li>histoire du Reiki et de Ma\u00eetre Usui<\/li>\n<li>l\u2019enseignement, l\u2019\u00e9nergie sait ce qu\u2019elle doit faire,<\/li>\n<li>des rep\u00e8res pour son Chemin de Vie\u00a0: les Id\u00e9aux, les \u00e9nergies, les chakras, la m\u00e9ditation, la visualisation.<\/li>\n<li>harmonisation \u00e9nerg\u00e9tique personnelle\u00a0: l\u2019auto-traitement,<\/li>\n<li>les soins sur autrui, le traitement complet,<\/li>\n<li>les traitements sp\u00e9cifiques,<\/li>\n<li>l\u2019\u00e9quilibrage des chakras,<\/li>\n<li>les traitements intuitifs,<\/li>\n<li>les techniques japonaises.<\/li>\n<\/ul>\n<p>En niveau I, le travail sur soi se r\u00e9alise sur les corps physique et \u00e9nerg\u00e9tique avec l\u2019ouverture du 1<sup>er<\/sup>, du 2<sup>nd<\/sup> chakra et l\u2019\u00e9veil des autres chakras. L\u2019objectif est de commencer \u00e0 \u00ab\u00a0sentir\u00a0\u00bb.<\/p>\n<p style=\"text-align: center;\"><a href=\"https:\/\/reiki.sereconnecteralavie.com\/index.php\/calendrier\/formation-reiki-niveau-1-du-29-au-30-janvier-2025\/\"><input id=\"boutondesign\" type=\"button\" value=\"S'inscrire\" \/><\/a><\/p>\n","protected":false},"excerpt":{"rendered":"<p>L\u2019enseignement du\u00a0 Premier Degr\u00e9 se d\u00e9roule sur 2 journ\u00e9es. Les th\u00e8mes suivants sont abord\u00e9s\u00a0: histoire du Reiki et de Ma\u00eetre Usui l\u2019enseignement, l\u2019\u00e9nergie sait ce qu\u2019elle doit faire, des rep\u00e8res pour son Chemin de Vie\u00a0: les Id\u00e9aux, les \u00e9nergies, les chakras, la m\u00e9ditation, la visualisation. harmonisation \u00e9nerg\u00e9tique personnelle\u00a0: l\u2019auto-traitement, les soins sur autrui, le traitement &hellip; <\/p>\n<p class=\"link-more\"><a href=\"https:\/\/reiki.sereconnecteralavie.com\/index.php\/events\/formation-reiki-niveau-1-du-29-30-janvier-2025\/\" class=\"more-link\">Continuer la lecture<span class=\"screen-reader-text\"> de &laquo;&nbsp;Formation Reiki Niveau 1&nbsp;&raquo;<\/span><\/a><\/p>\n","protected":false},"author":1,"featured_media":0,"comment_status":"closed","ping_status":"closed","template":"","tags":[],"mec_category":[],"class_list":["post-478","mec-events","type-mec-events","status-publish","hentry"],"_links":{"self":[{"href":"https:\/\/reiki.sereconnecteralavie.com\/index.php\/wp-json\/wp\/v2\/mec-events\/478","targetHints":{"allow":["GET"]}}],"collection":[{"href":"https:\/\/reiki.sereconnecteralavie.com\/index.php\/wp-json\/wp\/v2\/mec-events"}],"about":[{"href":"https:\/\/reiki.sereconnecteralavie.com\/index.php\/wp-json\/wp\/v2\/types\/mec-events"}],"author":[{"embeddable":true,"href":"https:\/\/reiki.sereconnecteralavie.com\/index.php\/wp-json\/wp\/v2\/users\/1"}],"replies":[{"embeddable":true,"href":"https:\/\/reiki.sereconnecteralavie.com\/index.php\/wp-json\/wp\/v2\/comments?post=478"}],"wp:attachment":[{"href":"https:\/\/reiki.sereconnecteralavie.com\/index.php\/wp-json\/wp\/v2\/media?parent=478"}],"wp:term":[{"taxonomy":"post_tag","embeddable":true,"href":"https:\/\/reiki.sereconnecteralavie.com\/index.php\/wp-json\/wp\/v2\/tags?post=478"},{"taxonomy":"mec_category","embeddable":true,"href":"https:\/\/reiki.sereconnecteralavie.com\/index.php\/wp-json\/wp\/v2\/mec_category?post=478"}],"curies":[{"name":"wp","href":"https:\/\/api.w.org\/{rel}","templated":true}]}}

<p><img decoding="async" class="size-full wp-image-169 aligncenter img_calendrier" src="https://reiki.sereconnecteralavie.com/wp-content/uploads/2023/02/Reiki1.jpg" alt="" width="300" height="150" border="1px solid black" /></p>
<p><em>L’enseignement du  Premier Degré se déroule sur 2 journées.</em></p>
<p><strong>Les thèmes suivants sont abordés :</strong></p>
<ul>
<li>histoire du Reiki et de Maître Usui</li>
<li>l’enseignement, l’énergie sait ce qu’elle doit faire,</li>
<li>des repères pour son Chemin de Vie : les Idéaux, les énergies, les chakras, la méditation, la visualisation.</li>
<li>harmonisation énergétique personnelle : l’auto-traitement,</li>
<li>les soins sur autrui, le traitement complet,</li>
<li>les traitements spécifiques,</li>
<li>l’équilibrage des chakras,</li>
<li>les traitements intuitifs,</li>
<li>les techniques japonaises.</li>
</ul>
<p>En niveau I, le travail sur soi se réalise sur les corps physique et énergétique avec l’ouverture du 1<sup>er</sup>, du 2<sup>nd</sup> chakra et l’éveil des autres chakras. L’objectif est de commencer à « sentir ».</p>
<p style="text-align: center;"><a href="https://reiki.sereconnecteralavie.com/index.php/calendrier/formation-reiki-niveau-1-du-29-au-30-janvier-2025/"><input id="boutondesign" type="button" value="S'inscrire" /></a></p>

<p>L’enseignement du  Premier Degré se déroule sur 2 journées. Les thèmes suivants sont abordés : histoire du Reiki et de Maître Usui l’enseignement, l’énergie sait ce qu’elle doit faire, des repères pour son Chemin de Vie : les Idéaux, les énergies, les chakras, la méditation, la visualisation. harmonisation énergétique personnelle : l’auto-traitement, les soins sur autrui, le traitement &hellip; </p>
<p class="link-more"><a href="https://reiki.sereconnecteralavie.com/index.php/events/formation-reiki-niveau-1-du-29-30-janvier-2025/" class="more-link">Continuer la lecture<span class="screen-reader-text"> de &laquo;&nbsp;Formation Reiki Niveau 1&nbsp;&raquo;</span></a></p>
