	{"id":79,"date":"2023-02-27T12:44:42","date_gmt":"2023-02-27T11:44:42","guid":{"rendered":"https:\/\/reiki.sereconnecteralavie.com\/?page_id=79"},"modified":"2023-05-15T18:59:49","modified_gmt":"2023-05-15T16:59:49","slug":"reiki-okuden","status":"publish","type":"page","link":"https:\/\/reiki.sereconnecteralavie.com\/index.php\/quest-ce-que-le-reiki\/reiki-okuden\/","title":{"rendered":"Reiki Okuden"},"content":{"rendered":"\t\t<div data-elementor-type=\"wp-page\" data-elementor-id=\"79\" class=\"elementor elementor-79\">\n\t\t\t\t\t\t<section class=\"elementor-section elementor-top-section elementor-element elementor-element-6bbf1e2 elementor-section-boxed elementor-section-height-default elementor-section-height-default elementor-invisible\" data-id=\"6bbf1e2\" data-element_type=\"section\" data-e-type=\"section\" data-settings=\"{&quot;animation&quot;:&quot;bounceInLeft&quot;}\">\n\t\t\t\t\t\t<div class=\"elementor-container elementor-column-gap-default\">\n\t\t\t\t\t<div class=\"elementor-column elementor-col-100 elementor-top-column elementor-element elementor-element-ccd939e\" data-id=\"ccd939e\" data-element_type=\"column\" data-e-type=\"column\">\n\t\t\t<div class=\"elementor-widget-wrap elementor-element-populated\">\n\t\t\t\t\t\t<div class=\"elementor-element elementor-element-1a35ab5 elementor-invisible elementor-widget elementor-widget-text-editor\" data-id=\"1a35ab5\" data-element_type=\"widget\" data-e-type=\"widget\" data-settings=\"{&quot;_animation&quot;:&quot;bounceInLeft&quot;}\" data-widget_type=\"text-editor.default\">\n\t\t\t\t<div class=\"elementor-widget-container\">\n\t\t\t\t\t\t\t\t\t<p><\/p>\n<h2 class=\"has-text-align-center wp-block-heading\">Reiki Niveau 2<\/h2>\n<p><\/p>\n<p><div class=\"wp-block-image\"><\/p>\n<figure class=\"aligncenter size-full is-resized\"><img decoding=\"async\" class=\"wp-image-151\" src=\"https:\/\/reiki.sereconnecteralavie.com\/wp-content\/uploads\/2023\/02\/Reiki2.jpg\" alt=\"\" width=\"280\" height=\"145\" \/><\/figure>\n<p><\/div><\/p>\n<p><\/p>\n<p><strong>\u00ab\u00a0Energie Universelle de Vie\u00a0\u00bb<\/strong>\u00a0<strong><em>OKUDEN<\/em><\/strong><\/p>\n<p><\/p>\n<p><\/p>\n<p>Pour l\u2019 enseignement au Reiki 2,\u00a0<strong>quatre\u00a0<\/strong>I<strong>nitiations<\/strong>\u00a0aux \u00e9nergies sont pratiqu\u00e9es sur chaque \u00e9l\u00e8ve par le Ma\u00eetre. Ces quatre temps sont essentiels durant ce stage et ne sont effectifs qu\u2019en pr\u00e9sentiel.<\/p>\n<p><\/p>\n<p><\/p>\n<p>L&rsquo; enseignement Okuden pr\u00e9sente la transmission et l&rsquo;apprentissage des<strong> quatre premiers symboles<\/strong> rest\u00e9s secrets jusqu&rsquo;\u00e0 ce jour. Puis ces symboles sont int\u00e9gr\u00e9s dans le cadre des soins; que ce soit l&rsquo;auto-soin, le traitement \u00e0 l&rsquo;autre ou le soin \u00e0 distance pour une personne.<\/p>\n<p><\/p>\n<p><\/p>\n<p>L&rsquo;apprentissage d&rsquo;un symbole Reiki ne se r\u00e9sume pas \u00e0 la dur\u00e9e de l&rsquo;enseignement et de l&rsquo;initiation. Afin de l&rsquo;int\u00e9grer pleinement, il est imp\u00e9ratif de prendre le temps n\u00e9cessaire \u00e0 le m\u00e9moriser en profondeur, qu&rsquo;il s&rsquo;agisse de son graphisme ou de son nom ou \u00ab\u00a0mantra\u00a0\u00bb.<\/p>\n<p><\/p>\n<p><\/p>\n<p>La qualit\u00e9 de la pratique du Reiki d\u00e9pend de l&rsquo; \u00e9tat d&rsquo;esprit du pratiquant, de sa capacit\u00e9 \u00e0 <strong>\u00eatre centr\u00e9 sur son coeur<\/strong>. Le Reiki n&rsquo;est pas un rituel fig\u00e9 mais une voie d&rsquo;exploration personnelle.<\/p>\n<p><\/p>\n<p><\/p>\n<p><\/p>\n<p><\/p>\n<p>En effet, pendant le niveau II, la <strong>d\u00e9couverte de Soi s<\/strong>&lsquo;<strong>initialise<\/strong>. Il est pos\u00e9 davantage de Conscience sur les corps \u00e9motionnel et mental avec l\u2019ouverture du 3<sup>\u00e8me <\/sup>\u00a0et 4<sup>\u00e8me<\/sup> chakra et l\u2019\u00e9veil des autres chakras. Tout se fait dans le C\u0153ur.<\/p>\n<p><\/p>\n<p><\/p>\n<p>.<\/p>\n<p><\/p>\t\t\t\t\t\t\t\t<\/div>\n\t\t\t\t<\/div>\n\t\t\t\t\t<\/div>\n\t\t<\/div>\n\t\t\t\t\t<\/div>\n\t\t<\/section>\n\t\t\t\t<\/div>\n\t\t","protected":false},"excerpt":{"rendered":"<p>Reiki Niveau 2 \u00ab\u00a0Energie Universelle de Vie\u00a0\u00bb\u00a0OKUDEN Pour l\u2019 enseignement au Reiki 2,\u00a0quatre\u00a0Initiations\u00a0aux \u00e9nergies sont pratiqu\u00e9es sur chaque \u00e9l\u00e8ve par le Ma\u00eetre. Ces quatre temps sont essentiels durant ce stage et ne sont effectifs qu\u2019en pr\u00e9sentiel. L&rsquo; enseignement Okuden pr\u00e9sente la transmission et l&rsquo;apprentissage des quatre premiers symboles rest\u00e9s secrets jusqu&rsquo;\u00e0 ce jour. Puis ces &hellip; <\/p>\n<p class=\"link-more\"><a href=\"https:\/\/reiki.sereconnecteralavie.com\/index.php\/quest-ce-que-le-reiki\/reiki-okuden\/\" class=\"more-link\">Continuer la lecture<span class=\"screen-reader-text\"> de &laquo;&nbsp;Reiki Okuden&nbsp;&raquo;<\/span><\/a><\/p>\n","protected":false},"author":2,"featured_media":0,"parent":45,"menu_order":0,"comment_status":"closed","ping_status":"closed","template":"","meta":{"footnotes":""},"class_list":["post-79","page","type-page","status-publish","hentry"],"_links":{"self":[{"href":"https:\/\/reiki.sereconnecteralavie.com\/index.php\/wp-json\/wp\/v2\/pages\/79","targetHints":{"allow":["GET"]}}],"collection":[{"href":"https:\/\/reiki.sereconnecteralavie.com\/index.php\/wp-json\/wp\/v2\/pages"}],"about":[{"href":"https:\/\/reiki.sereconnecteralavie.com\/index.php\/wp-json\/wp\/v2\/types\/page"}],"author":[{"embeddable":true,"href":"https:\/\/reiki.sereconnecteralavie.com\/index.php\/wp-json\/wp\/v2\/users\/2"}],"replies":[{"embeddable":true,"href":"https:\/\/reiki.sereconnecteralavie.com\/index.php\/wp-json\/wp\/v2\/comments?post=79"}],"version-history":[{"count":1,"href":"https:\/\/reiki.sereconnecteralavie.com\/index.php\/wp-json\/wp\/v2\/pages\/79\/revisions"}],"predecessor-version":[{"id":434,"href":"https:\/\/reiki.sereconnecteralavie.com\/index.php\/wp-json\/wp\/v2\/pages\/79\/revisions\/434"}],"up":[{"embeddable":true,"href":"https:\/\/reiki.sereconnecteralavie.com\/index.php\/wp-json\/wp\/v2\/pages\/45"}],"wp:attachment":[{"href":"https:\/\/reiki.sereconnecteralavie.com\/index.php\/wp-json\/wp\/v2\/media?parent=79"}],"curies":[{"name":"wp","href":"https:\/\/api.w.org\/{rel}","templated":true}]}}